, 1543
Let z(g) = 7*g**2 - 6*g - 1. Let y be z(1). Suppose -5*p - 3*a + 1739 = y, 8*p = 7*p - 2*a + 345. List the prime factors of p.
349
Let k be ((105/(-3))/(-5))/1. Suppose 4*q + 5*w - k = -4, -3*q + 5*w = -11. List the prime factors of (15/(-10))/(0 - q/156).
3, 13
Suppose -2548*d + 107960 = -2544*d. What are the prime factors of d?
2, 5, 2699
Suppose -11 = 2*p + 3*j, -17*p + 3*j + 21 = -20*p. Let h(f) = 11*f**2 + 8*f + 39. What are the prime factors of h(p)?
3, 353
Let k(q) = 3*q + 29. Let f be k(-10). List the prime factors of (46 + (0 - f))*(32 - 26).
2, 3, 47
Let n = 2135 - 431. What are the prime factors of n?
2, 3, 71
Let v be (-22891)/88 - -2*(-3)/(-48). Let x = v + 574. List the prime factors of x.
2, 157
Suppose 4*p = -2*f + 65076, -3*p + 5478 + 43329 = -f. What are the prime factors of p?
3, 11, 17, 29
Suppose -27 = 5*q - 2. Let k(s) be the first derivative of -s**4/4 + s**3/3 - 3*s**2/2 - 10*s - 7. List the prime factors of k(q).
5, 31
Let b(i) = 15*i**3 - 4*i**2 + 19*i - 37. What are the prime factors of b(8)?
3, 7, 359
Suppose 314*u = 305*u - 756. What are the prime factors of (210/u)/(5/(-2092))?
2, 523
Let n = 152 + -143. Let y be (1 - 3) + (-1656)/n. Let c = 24 - y. List the prime factors of c.
2, 3, 5, 7
What are the prime factors of (62528/(-14))/((-533)/(-91) + -6)?
2, 977
Let g = 47 + -70. Let n = g + 611. List the prime factors of n.
2, 3, 7
Let i(k) = 1203*k - 46. Let a(q) = -3*q**2 - 13*q - 3. Let h be a(-4). List the prime factors of i(h).
13, 89
Suppose 5*g - b = 14, b = 5*g - 2*g - 8. Let d be (-6)/(-9) + 2/(-3) + g. What are the prime factors of (11/(165/(-414)))/(d/(-10))?
2, 23
Let s = 56 - 51. Suppose -a = -4*a - s*m, -4*a - 5*m = 0. Suppose 12 = 3*c, a*i - c = i - 186. What are the prime factors of i?
2, 7, 13
Suppose 7*i - 3*i + 3*c = 35, 0 = 2*i - 2*c. Suppose 0 = -3*m - i*u + 2323, 3*m - 4*u = 1628 + 704. What are the prime factors of m?
2, 97
Let f(m) = 3*m**2 - 25*m + 78. Let q be f(6). Suppose -12*v = -q*v + 5928. List the prime factors of v.
13, 19
Let s(o) = 9*o**3 + 37*o**2 - 184*o - 10. What are the prime factors of s(5)?
2, 5, 7
Let x(w) = 2313*w - 11. Let g be x(1). Suppose m - 4 + 2 = 0, 2*m = -3*r + g. What are the prime factors of r?
2, 383
Let c = -2205 - -3787. What are the prime factors of c?
2, 7, 113
Suppose -2*s - 57 = 369. Let c = 924 + -608. Let z = c + s. List the prime factors of z.
103
Let g = -16475 + 48676. List the prime factors of g.
13, 2477
Let t be (7 - (-184)/(-24)) + 34/6. Suppose -x - t*d + 20 = -d, -5 = -4*x - d. Suppose -5*q = -x*q - 310. List the prime factors of q.
2, 31
Let u(y) = 2*y - 14. Suppose -5*i = 5*x - 50, -5*x - 22 = i - 5*i. Let a be u(i). Suppose z = -3*b + 17, -5*z + 27 = -a*z + 3*b. List the prime factors of z.
5
Let g = 59282 - 34694. List the prime factors of g.
2, 3, 683
Suppose 6*w - 59 = 25. Let b(i) = 98*i + 67. What are the prime factors of b(w)?
1439
What are the prime factors of 16533 - (5 - (-65)/(-5))?
7, 17, 139
What are the prime factors of (-9 - -68 - 28)/(1/13)?
13, 31
Let q be 177*((-32)/(-12))/4. Suppose -32 - q = -2*l - 5*d, -d + 329 = 5*l. What are the prime factors of l?
5, 13
Let n = 26 + -34. Let b(k) = -k**3 - 5*k**2 - 6*k + 5. What are the prime factors of b(n)?
5, 7
Let r(j) = -187*j + 253. What are the prime factors of r(-53)?
2, 3, 7, 11
Suppose 14*u - 2196 = 17*u. List the prime factors of (-1 - u)/((-5)/(-10)).
2, 17, 43
Let m(q) = -44*q + 21*q + 20*q + 82. Let w(b) = 4*b - 82. Let f(h) = 3*m(h) + 2*w(h). List the prime factors of f(27).
5, 11
Suppose x - 265 = 81. Suppose -k - 2*u - x = -3*k, 182 = k + 2*u. List the prime factors of k.
2, 11
Let g be (-3)/(-117)*6 - 400/(-104). Suppose 4*i = 4*w + 1076, -i + 2*w + 257 = g*w. What are the prime factors of i?
5, 53
Suppose x + 83 = -4*a + 5*a, -2*a - 3*x + 186 = 0. Let c = a + -82. Suppose c*s - 664 = -w, -w + 4*w + 120 = s. List the prime factors of s.
2, 3, 11
Let a(p) = 5*p**2 - 112*p + 11. Let l be a(7). Let d(i) = -4*i + 3. Let f be d(3). List the prime factors of l/(-10) + f/(-45).
53
Let n(v) = 2*v**3 + 3*v - 2. Let t be n(1). Suppose -3*z - z - 3*u = -117, 3*z = 3*u + 93. What are the prime factors of -26*t*(-55)/z?
11, 13
Suppose -2*l + 4*z = -40988, -l - 37*z + 20485 = -42*z. What are the prime factors of l?
2, 5, 41
Suppose -3*x = -2*x - 2. Let a = 584 - 350. Suppose 3*i - 3*r + 2*r = a, i + x*r = 78. What are the prime factors of i?
2, 3, 13
Let h = -30 - -23. Let q(w) = -w**3 - 8*w**2 - 6*w + 3. Let c be q(h). List the prime factors of (1/3)/(c/36) + 24.
3, 7
Let c(f) be the third derivative of f**6/15 + f**5/10 - f**4/3 + f**3/2 - 2*f**2. Let l = -6933 + 6936. List the prime factors of c(l).
3, 83
Let z = -18 - -32. Let y be (z/70)/((-2)/(-20)). Suppose 4*d + y*q + 0*q = 128, -d = q - 30. What are the prime factors of d?
2, 17
Let s(m) = -19*m**3 + 2*m - 153*m**3 + 2 + 106*m**2 - 108*m**2. What are the prime factors of s(-2)?
2, 683
Let f = 34 - 28. Suppose 487 = f*n - 851. Let l = -113 + n. What are the prime factors of l?
2, 5, 11
Suppose -16*g + 71*g - 784417 - 550818 = 0. What are the prime factors of g?
11, 2207
Suppose 0 = 262*c - 248*c - 119980. List the prime factors of c.
2, 5, 857
Let t be 1329/24 + 9/(-24). Let u = -180 - -426. Let i = u - t. List the prime factors of i.
191
Let l(v) = 39*v + 40. Let w(f) = -79*f - 80. Let j(s) = 5*l(s) + 2*w(s). List the prime factors of j(7).
13, 23
What are the prime factors of ((-8988)/(-10))/((-22)/(-20) - (-17)/(-17))?
2, 3, 7, 107
Let w be 2*((-22)/(-12) - (-3)/(-9)). Let j = 146 - 144. Suppose j*p - 5*z = -0*z + 88, p - 45 = w*z. List the prime factors of p.
3, 13
Let h(j) = j + 22. Let l be h(-18). Suppose 20 = l*t + 20. Suppose -5*d - 2*x + 391 = -104, -5*x + 25 = t. List the prime factors of d.
97
Suppose 20 = 5*s, z + 2*s + 62 - 8 = 0. Let j = z + 173. List the prime factors of j.
3, 37
Suppose 19*r + 0*r - 988 = 0. Let g = r + 31. List the prime factors of g.
83
Suppose 0 = 3*j - 2079 + 2079. Suppose -3*i - 192 = 4*f, -5*i + 3*f + 46 = 395. What are the prime factors of 2 - 2 - (j - -1)*i?
2, 17
Let n(f) = -9978*f + 6658. What are the prime factors of n(-5)?
2, 67, 211
Let w be (3/9)/((-13)/(-663)). List the prime factors of (w/(-2))/((-13)/1456).
2, 7, 17
List the prime factors of 20/(-250) + (-704608)/(-100).
2, 13, 271
Let y(g) be the first derivative of g**4/4 + g**3 - 4*g**2 + 2*g - 215. What are the prime factors of y(-4)?
2, 3
Let t = -88762 + 137112. List the prime factors of t.
2, 5, 967
Let t = -829 - -725. What are the prime factors of 206/3*1170/t*-2?
3, 5, 103
Let t be (20/4 + -4)*0. Suppose -2*y + 324 - 104 = t. Suppose 0 = 5*p - 2*n - 215, -4*n = -2*p - 8*n + y. What are the prime factors of p?
3, 5
Let l be (-4)/10*((-1 - -7) + -36). List the prime factors of (8 - l) + 380/1.
2, 47
Let b(r) be the first derivative of -7*r - 15 + 7/2*r**2. List the prime factors of b(5).
2, 7
Suppose -722*b + 27616 = -714*b. What are the prime factors of b?
2, 863
Let h(z) = z**2 - 6*z. Let w be h(6). Suppose -10*i + 11443 - 113 = w. What are the prime factors of i?
11, 103
Let q be ((-105)/(-25) - 3)*-5. List the prime factors of q/9 - 6084/(-54).
2, 7
Let q = 2601 + -635. Suppose -1378 = -3*p + f + 1571, f = 2*p - q. What are the prime factors of p?
983
Let n be (3 - (2 + -8))*1. Suppose 0 = 4*g + w - 699, -n*g + 7*g + 354 = -4*w. What are the prime factors of g?
5, 7
Suppose 5*c - 28283 = 2*w + 3068, -3*w = -3*c + 18816. What are the prime factors of c?
6269
Let x(g) = 39*g**2 + 74*g + 16. List the prime factors of x(-8).
2, 3, 5
Suppose 2 = -18*h + 19*h. Suppose -278 + 988 = h*k. List the prime factors of k.
5, 71
Suppose 47*z - 12 = 44*z. Let f(o) = 2*o - 6. Let w be f(z). List the prime factors of -3 + 387/(0 - -3) - w.
2, 31
Suppose 0 = 3*h - 21*h - 846. Let p be h + 2 - (-1 + 0). Let s = p + 260. What are the prime factors of s?
2, 3
Suppose 0 = -2*s + 5*z - 3*z + 42, -2*s - 4*z + 42 = 0. Suppose -5*x - 6953 = -4*w, s*w + x = 22*w - 1739. What are the prime factors of w?
2, 13, 67
Let w(l) = 2*l**2 - 19*l + 12. Let c be w(10). Let f(q) = -q**3 + 24*q**2 - 12*q - 55. List the prime factors of f(c).
11, 59
Let n(u) be the second derivative of u**5/4 - u**4/3 + 6*u**2 - 30*u. What are the prime fact